7) to base 14
8a1
What is 11212 (base 4) in base 7?
1021
What is -b11 (base 16) in base 10?
-2833
What is 584 (base 14) in base 7?
3124
Convert -200 (base 16) to base 5.
-4022
23893 (base 10) to base 11
16a51
Convert -3c2 (base 16) to base 3.
-1022122
-26e (base 16) to base 3
-212001
Convert 124205 (base 7) to base 3.
1011122222
-2080 (base 10) to base 9
-2761
Convert 524 (base 9) to base 3.
120211
Convert -10110001 (base 3) to base 14.
-cb6
What is -11011001011 (base 2) in base 8?
-3313
What is 1582 (base 10) in base 9?
2147
Convert -1695 (base 15) to base 9.
-6605
What is -72b (base 13) in base 9?
-1605
Convert -1010 (base 2) to base 16.
-a
-314441 (base 5) to base 12
-6191
What is -341021 (base 5) in base 12?
-6b4b
Convert -4132 (base 9) to base 12.
-1902
43a1 (base 15) to base 13
66a0
Convert -38f (base 16) to base 14.
-491
Convert -3310 (base 5) to base 15.
-205
Convert 381 (base 9) to base 12.
224
What is a8 (base 13) in base 7?
255
3202121 (base 4) to base 16
3899
What is 21d4 (base 14) in base 7?
23054
What is -673 (base 13) in base 12?
-784
What is 238 (base 9) in base 12?
145
-350642 (base 7) to base 8
-172436
Convert 1000001 (base 2) to base 6.
145
223 (base 16) to base 15
267
-453130 (base 6) to base 11
-26846
Convert -30141 (base 6) to base 16.
-f6d
What is 87ad (base 14) in base 16?
5bb5
2664 (base 16) to base 9
14430
-d3 (base 14) to base 7
-353
102200 (base 3) to base 12
223
Convert -130868 (base 9) to base 15.
-18812
Convert -105 (base 12) to base 10.
-149
Convert 1c71 (base 13) to base 12.
25b9
Convert 25b (base 12) to base 10.
359
What is 1616 (base 9) in base 11?
a19
Convert 339 (base 10) to base 16.
153
What is 4b9 (base 13) in base 5?
11303
What is -10822 (base 12) in base 4?
-11112122
1291 (base 14) to base 8
6277
Convert -2014144 (base 5) to base 4.
-13322220
231 (base 12) to base 15
16a
d26 (base 16) to base 2
110100100110
-166 (base 11) to base 5
-1233
What is -72a (base 15) in base 5?
-22430
3016 (base 7) to base 12
72a
What is -15427 (base 11) in base 16?
-5531
Convert 11210 (base 6) to base 10.
1590
Convert 201220 (base 3) to base 8.
1031
-40042 (base 6) to base 15
-1825
Convert -9302 (base 12) to base 9.
-23832
Convert -1540 (base 7) to base 8.
-1150
Convert -30411 (base 7) to base 6.
-54143
Convert -415 (base 12) to base 7.
-1505
Convert 7241 (base 8) to base 15.
119a
1562 (base 12) to base 2
100111011010
What is 4241 (base 6) in base 9?
1277
What is 120111 (base 4) in base 13?
92a
Convert 20011 (base 5) to base 14.
65a
-1100101 (base 2) to base 14
-73
Convert -2052 (base 6) to base 7.
-1232
-4311 (base 5) to base 14
-2d7
What is -1570 (base 11) in base 5?
-31023
Convert 1825 (base 9) to base 6.
10252
What is 202112 (base 3) in base 13?
338
Convert 102210 (base 4) to base 8.
2244
Convert -db97 (base 14) to base 12.
-19b75
What is -113122 (base 4) in base 13?
-8b3
What is -1135424 (base 6) in base 15?
-129aa
Convert -3026 (base 8) to base 7.
-4354
Convert -21 (base 4) to base 5.
-14
What is -3445 (base 7) in base 12?
-88a
What is -300 (base 10) in base 12?
-210
-841 (base 14) to base 3
-2020012
What is -565 (base 10) in base 9?
-687
7df (base 16) to base 11
1572
Convert -12031311 (base 4) to base 10.
-25461
What is -1368 (base 16) in base 5?
-124333
Convert -28b5 (base 15) to base 3.
-102221222
Convert -102421 (base 5) to base 12.
-2026
Convert -18371 (base 10) to base 7.
-104363
222001 (base 5) to base 4
1321013
-14455 (base 10) to base 7
-60100
What is 432a (base 15) in base 9?
21444
What is 141310 (base 5) in base 4?
1123012
-2103302 (base 4) to base 6
-111442
13163 (base 8) to base 2
1011001110011
What is 33332120 (base 4) in base 9?
108672
What is -101020 (base 4) in base 11?
-907
57 (base 11) to base 9
68
Convert -100110000010 (base 2) to base 12.
-14aa
What is 225412 (base 6) in base 10?
19376
-2738 (base 16) to base 13
-4754
244022 (base 6) to base 9
32575
-18b (base 13) to base 2
-100011100
Convert -2233232 (base 4) to base 11.
-84a4
Convert 34429 (base 10) to base 14.
c793
Convert -31e3 (base 15) to base 5.
-314223
-12002 (base 4) to base 5
-3021
What is -224 (base 11) in base 15?
-12d
What is -14001 (base 7) in base 12?
-2226
What is -121210 (base 3) in base 4?
-13011
Convert 11a8 (base 12) to base 15.
8d5
-3c8c (base 13) to base 8
-21037
-11631 (base 7) to base 10
-3060
-2a43 (base 11) to base 3
-12101011
c845 (base 15) to base 3
2011010002
Convert -3161 (base 9) to base 4.
-210103
1022210 (base 5) to base 4
10030130
Convert -3334 (base 5) to base 11.
-397
-232110 (base 4) to base 6
-21420
What is 8003 (base 9) in base 4?
1123023
What is -2582 (base 11) in base 16?
-d1d
-459c (base 15) to base 4
-3212310
What is -110210 (base 4) in base 15?
-5cb
Convert -430 (base 6) to base 14.
-b8
Convert 111001 (base 2) to base 3.
2010
-1001011001 (base 2) to base 10
-601
What is 518d (base 16) in base 3?
1001122020
3ac5 (base 15) to base 13
5942
Convert -1460 (base 10) to base 7.
-4154
What is d2d3 (base 16) in base 11?
37605
What is 716 (base 10) in base 11?
5a1
-132301 (base 4) to base 11
-1530
2232 (base 10) to base 11
174a
Convert -2111012 (base 4) to base 9.
-14072
Convert -212101 (base 3) to base 9.
-771
What is -3a9 (base 12) in base 3?
-202210
-633 (base 10) to base 5
-10013
713 (base 8) to base 6
2043
3619 (base 13) to base 11
5804
Convert -4b6f (base 16) to base 11.
-13566
564 (base 16) to base 9
1803
-622 (base 13) to base 7
-3016
What is -101000011011 (base 2) in base 5?
-40322
What is -232320 (base 4) in base 7?
-11514
Convert -1327 (base 11) to base 15.
-79d
-762 (base 8) to base 3
-200110
Convert -102212111 (base 3) to base 12.
-5011
869 (base 11) to base 3
1102122
What is 533 (base 11) in base 4?
22001
Convert 4249 (base 12) to base 13.
33c3
-10140 (base 5) to base 10
-670
Convert 292 (base 14) to base 6.
2224
What is -344 (base 11) in base 14?
-215
What is -2001001221 (base 3) in base 12?
-1b297
-111212212 (base 3) to base 13
-47b7
Convert -526a (base 12) to base 5.
-242020
Convert 5433 (base 6) to base 15.
580
7cb3 (base 16) to base 9
47710
-285 (base 10) to base 16
-11d
140222 (base 6) to base 13
5c27
What is -82 (base 10) in base 8?
-122
What is -403 (base 12) in base 4?
-21003
Convert -2863 (base 13) to base 7.
-22663
10020111 (base 3) to base 6
14534
Convert 293 (base 12) to base 3.
112210
-193 (base 15) to base 14
-1bd
Convert -11110 (base 3) to base 15.
-80
-136347 (base 8) to base 4
-23303213
Convert a3 (base 12) to base 13.
96
3638 (base 9) to base 7
10616
Convert -12212 (base 3) to base 7.
-314
What is 13635 (base 10) in base 11?
a276
What is -41241 (base 7) in base 6?
-114350
Convert 403 (base 9) to base 13.
1c2
Convert 269 (base 14) to base 7.
1262
7654 (base 9) to base 4
1120012
Convert -1c4a (base 14) to base 12.
-2ba2
-10001010101 (base 2) to base 9
-1462
298 (base 14) to base 2
1000001110
Convert a67 (base 11) to base 4.
110003
Convert -23424 (base 10) to base 15.
-6e19
Convert -3232 (base 7) to base 4.
-101332
-d610 (base 14) to base 6
-442354
2112301 (base 4) to base 6
112401
-3337 (base 15) to base 9
-15787
What is -8031 (base 9) in base 16?
-16e4
-100110200 (base 3) to base 15
-20a3
2001 (base 10) to base 8
3721
Convert 762 (base 10) to base 4.
23322
What is -567 (base 15) in base 5?
-14342
-17996 (base 12) to base 5
-2043432
Convert 35c (base 14) to base 8.
1236
Convert -3310 (base 12) to base 11.
-4257
Convert -7815 (base 11) to base 9.
-15115
What is 6457 (base 13) in base 16?
366a
What is 122002 (base 3) in base 4?
13031
984 (base 14) to base 8
3530
Convert -33c (base 14) to base 3.
-212210
-4016 (base 7) to base 2
-10101101001
25278 (base 12) to base 13
19ca0
What is 568 (base 11) in base 13?
403
Convert -c90 (base 14) to base 13.
-1188
What is 709 (base 12) in base 5?
13032
What is -224 (base 15) in base 3?
-122221
3309 (base 12) to base 4
1113321
What is -110101101010001 (base 2) in base 16?
-6b51
Convert -85688 (base 9) to base 16.
-dd7b
What is 10e (base 16) in base 5?
2040
-453 (base 7) to base 15
-109
13411 (base 5) to base 7
3140
Convert -15f8 (base 16) to base 4.
-1113320
Convert 140 (base 8) to base 4.
1200
-404141 (base 5) to base 13
-5c27
What is -304113 (base 5) in base 8?
-23264
What is -21002020 (base 3) in base 13?
-2472
Convert -3041 (base 8) to base 9.